 300 + -294. Let l(i) = -i**3 + 5*i**2 + 5*i + 6. What is l(x)?
0
Suppose -2 = 5*s - 7. Let r be (-6 + s)/(1 + 0). Let u(k) = -k**2 - 4*k + 1. Give u(r).
-4
Let l(x) = -8*x. Let a be (-2 + 1)/(-13 + 14). Calculate l(a).
8
Suppose -3*k = 9, 3*q - 4*k = 11 + 25. Let h(c) = c**3 - 8*c**2 + 3*c - 8. Give h(q).
16
Suppose -11*v + 37 - 92 = 0. Let l(y) be the second derivative of 5/2*y**2 + 1/6*y**3 - 3*y + 0. Give l(v).
0
Let h(r) be the second derivative of 1/3*r**4 + 1/2*r**3 - 24*r + 0 + 1/20*r**5 + 1/2*r**2. What is h(-2)?
3
Let n(a) = -a**2 - 7*a. Suppose f + 2*j = 4*f - 14, 2*f = -j. Let h(u) = -4*u**2 + 7*u + 4*u**2 + u**f. Let m be h(-6). Calculate n(m).
6
Let y(a) = 8*a. Suppose -48 = -2*f - 2*j, 0 = -5*j - 9 + 4. Let h(o) = o**3 - 6*o**2 + 5. Let k be h(6). Suppose d = -d + 2*s + 6, 0 = k*d + 5*s + f. Give y(d).
-8
Let d(j) be the first derivative of j**5/40 + j**4/12 + 7*j**3/3 - 15. Let h(m) be the third derivative of d(m). What is h(-5)?
-13
Let q(n) = -3 + 3*n - 6*n + 1 - 4*n + 2*n. Calculate q(-4).
18
Let c(l) be the first derivative of 1/4*l**4 + 5/3*l**3 - 7 - 3*l - 1/2*l**2. Determine c(-5).
2
Let p(z) = -z**2 + 5*z + 7. Let m(i) = -i**3 + 10*i**2 - 10*i - 9. Let l be m(9). Let f be 2/(-12) + (-93)/l. Give p(f).
7
Let f(c) = -c**3 - 13*c**2 - 13*c - 9. Let b be f(-12). Let o(x) = -2 - 2 + 4*x**2 - 4*x**3 + b*x + 3*x**3. Suppose -2*i + 5 = -3. Give o(i).
8
Let x be (-1)/(-3) - 13/3. Let f(b) be the first derivative of b**6/180 + b**5/20 - 79*b**3/3 + 59. Let y(q) be the third derivative of f(q). What is y(x)?
8
Let y(h) = -h**2 + 10*h - 6. Let m be y(9). Let v(w) = 2 + 1 - m + 2 + w. Let q(p) = p - 1. Let b(l) = -q(l) - v(l). Determine b(1).
-3
Let f = 132 - 144. Let y(w) = -w**2 - 11*w + 12. Determine y(f).
0
Let w(t) = 2*t**2 - 2*t. Let i(a) = -23*a + 11*a + 9*a + 3*a**2. Let f(m) = -3*i(m) + 4*w(m). Suppose 4*n = -5*q - 5, 4*n - 2 = -q - 3. What is f(n)?
0
Let o(m) = m**3 + 16*m**2 - 15*m + 33. Let n be o(-17). Let t(k) = -12*k**2 + 2*k + 1. Determine t(n).
-13
Let m = -6 + 25. Let b = 22 - m. Let f(c) = -2*c - 1 + 0 + 4. What is f(b)?
-3
Let v(w) be the first derivative of w**4/4 + w**3 - w**2 - 2*w - 219. Determine v(-4).
-10
Let n be (8/(-14))/((-26)/91). Let m(c) = -7*c + 13 + 3*c**2 - 5*c**n + c**2. Let g be m(-9). Let k(r) = r**2 + 5*r - 3. What is k(g)?
-3
Let r(f) = f**2 - f + 1. Suppose 63 = 8*i + i. Suppose i = 3*t + 1. Determine r(t).
3
Let g = 16 - 15. Let p be g - (-5 - (4 - 6)). Let x(i) = 3*i - 7 - 2*i + 0. Calculate x(p).
-3
Let r(t) be the second derivative of t**5/20 + 5*t**4/12 - 5*t**3/6 + 4*t**2 + 65*t - 3. Determine r(-6).
2
Suppose 0*z - z = -5*i + 4, -4*z + i = -22. Suppose -z*c = 2*j - 2*c + 48, -5*j = 3*c + 113. Let m = 29 + j. Let y(s) = s**2 - 6*s - 10. Determine y(m).
-3
Suppose 12 = -5*h + 2*x - 8, 2*h + 5*x + 8 = 0. Suppose 25 = -4*j - j, 3*j = -4*i - 7. Let f(s) = 4 + 0 + 2*s - i + 2. What is f(h)?
-4
Let s(h) = -h**2 + 10*h - 14. Let c be s(8). Suppose -1 = -c*r - 15. Let x(q) = q**3 + 8*q**2 + 9*q + 6. What is x(r)?
-8
Let y(w) be the third derivative of w**5/60 + w**4/8 - w**3/2 + 2*w**2. Let x = -2465 + 2461. Determine y(x).
1
Let u(g) = -2*g**2 - 7*g - 4. Let n(q) = q**2 - q - 6 + 7*q + 9 + q. Let s(t) = -3*n(t) - 2*u(t). Suppose -42 = -5*x - i, -5*i + 15 = x - 3. Calculate s(x).
7
Let k(t) be the first derivative of -3*t**2/2 + 10*t + 205. Give k(3).
1
Let d(h) = -18*h. Let s be 2*15/(-10)*3/(-9). What is d(s)?
-18
Let k(l) = 3*l**2 + 6 + l**2 - 1 - 8*l + l**3 + 3*l + 0*l**2. Give k(-5).
5
Let h(o) = o**3 - 3*o**2 - o. Let a(g) be the second derivative of -g**5/20 + g**4/3 - g**3/3 - g**2 + 4*g. Let m be a(2). Calculate h(m).
-6
Let h(y) be the third derivative of -7*y**2 + 0 - 1/6*y**3 + 0*y - 1/24*y**4. Give h(0).
-1
Let h(u) = -u**2 - u - 6 + 0 + 0. Let y(g) = 2*g**2 + 11*g + 14. Let w be y(-6). Suppose 9*v + 15 = -3*p + 12*v, 5*p - w = -4*v. Determine h(p).
-6
Suppose 3*n + 8 = -2*o, -2*o - 3*o = -3*n - 1. Let i(k) = -k. Let t(f) = 2*f**3 + 3*f**2 - 3*f + 1. Let c(a) = o*t(a) + 4*i(a). Determine c(-2).
5
Suppose 8 = 2*u - 0*u. Let p(v) = v - u*v + 8 + 2*v - 2*v. Determine p(7).
-13
Let w(q) be the third derivative of -q**4/24 + q**3/3 + 3*q**2. Let t be 3/((-8)/4 + 0)*2. What is w(t)?
5
Let m(n) = -n + 29. Let b(k) = 2*k**3 + k**2 - 3. Let v be b(2). Calculate m(v).
12
Let i(m) be the second derivative of -m**4/12 - 2*m**3 + 4*m**2 - 2*m + 5. Give i(-13).
-5
Let i(v) be the third derivative of -v**4/8 + v**3/6 + v**2 - 35*v. Calculate i(2).
-5
Let k = 71 - 91. Let s be k/(-3)*-9*(-4)/30. Let z(f) = f**3 - 8*f**2 + f - 5. Calculate z(s).
3
Let n(j) = -j - 4. Suppose 0*k + 2*k + 3*g = -3, k - 3*g = 12. Suppose 36 = 3*q + c, 8*c - k*c = q - 12. Let p(z) = z**2 - 10*z - 24. Let w be p(q). Give n(w).
-4
Suppose 24*w - 16*w = -24. Let c(t) = -6*t. Calculate c(w).
18
Let q(f) = 15*f**3 + f**2 + f + 1. Let t be q(-1). Let o be 2*(t/4 - -5). Let g(p) = p**3 - 4*p**2 + 2*p + 3. Calculate g(o).
0
Let m(j) = j**2 - 2*j - 2. Let h(p) = p**2 - 2*p - 2. Let t(a) = -3*h(a) + 2*m(a). What is t(3)?
-1
Let n be (-17)/(85/(-60))*22/(-4). Let w be (12/(-10))/(n/(-440)). Let p(f) = -f**3 - 7*f**2 + 6*f - 10. Give p(w).
6
Let i be (-144)/(-81) + (2/(-9))/(-1). Let q(m) = 3 - 37*m**2 + 18*m**i + 3*m + 25*m**2 + m**3. Give q(-6).
-15
Let h = 5 + -3. Let r = -104 - -106. Suppose -5*t + 6 = -r*n - 2*n, -n - h = -t. Let g(v) = -v**3 + v**2 - 2. What is g(t)?
10
Suppose 5*c + 15 = -20. Let z(j) = j**3 + 7*j**2 + 2*j + 11. Let y be z(c). Let r(x) = x**3 + 2*x**2 - 4*x - 1. Calculate r(y).
2
Let s(h) = -h + 4. Suppose 43*i - 37*i = 36. Let x be i + 1/(3*(-1)/6). Give s(x).
0
Let l(s) = 2*s**2 - 3*s - 1. Let a(n) be the third derivative of n**6/120 + n**5/15 + 5*n**4/24 + 3*n**3/2 + 13*n**2. Let h be a(-3). Calculate l(h).
8
Let z(h) = -1 - 6*h**2 + h + 24595*h**3 + 1 - 24596*h**3. What is z(-7)?
42
Let x(u) = u**2 + 6*u + 3. Let f(w) = 2*w**2 + 11*w + 6. Let s(i) = 3*f(i) - 5*x(i). Let n = -1078 + 1075. Give s(n).
3
Let h(a) = a**3 + 5*a**2 + 6*a + 4. Suppose -122*i = -118*i + 16. What is h(i)?
-4
Let h(f) be the third derivative of 0*f + 1/60*f**5 - 1/8*f**4 - 7/6*f**3 + 0 + 14*f**2. Suppose 0 = -p + 5. Determine h(p).
3
Let q(f) be the second derivative of f**3/6 - 2*f**2 + 2*f. Suppose -2*p - 3*p = p. Suppose p = -6*d - d. Determine q(d).
-4
Let p(u) = -4*u**2 - 2*u - 6. Let k(v) = 9*v**2 + 3*v + 12. Let z(w) = -3*k(w) - 7*p(w). Suppose 0 = -n + 9*n - 40. Suppose -10*y - 30 = -n*y. Calculate z(y).
12
Let a = 275 - 274. Let x(h) = 2*h**2 - 2*h + 1. Give x(a).
1
Let a(h) be the second derivative of -h**4/6 + 5*h**3/6 + 2*h**2 + h. Let y be (49 - 0)/7*(-24)/(-14). Suppose 7*f - 16 - y = 0. What is a(f)?
-8
Let q(j) = j**3 + 2*j**2 - j - 14. Let c = -904 + 904. Determine q(c).
-14
Suppose 9*j = 109 - 172. Let g(s) = s**3 + 6*s**2 - 5*s + 10. Give g(j).
-4
Let s be ((-3)/6)/((-1)/16). Let c(j) = j - 4. Give c(s).
4
Let n = -2 + 2. Let w be -2 - n/(-1) - -7. Let f(p) = -p**3 + 8*p**2 - 3*p - 28. Let u(m) = m**2 + m - 14. Let z(g) = -f(g) + 2*u(g). Give z(w).
0
Let c(v) be the third derivative of -v**5/60 - v**4/24 - 2*v**3 - 3*v**2. Let i(s) = s**2 - 58*s - 384. Let l be i(-6). What is c(l)?
-12
Let p(m) = 0*m**2 + m**3 - 2*m**3 - 5*m**2 - 5*m. Let w(c) = -c**3 - 14*c**2 - 27*c - 23. Let d be w(-12). Suppose d*n - 4 = 14*n. Calculate p(n).
4
Let l = 26 - 24. Let s(y) = 2 - 3 + 0*y**l - y**2 - y - 4*y. Calculate s(-2).
5
Let m(p) = -2*p**3 - 4*p**2 - 3*p - 1. Suppose -4*u = 4*t + 4, 0 = -2*t - 40*u + 36*u. What is m(t)?
5
Let p(x) = x**2 - 4*x - 2. Let z be p(4). Let s = 7 - 4. Let v(r) = -2*r**3 + 3*r**s - 2*r**3 + 3*r**3 + 2*r**2 + 2. Determine v(z).
-6
Let s(b) = 5*b**2 - 4*b - 2*b - b**3 + 7593 - 7589 + b. Give s(4).
0
Let u(m) be the second derivative of -m**3/3 - 5*m**2/2 - 9*m. Let s be u(-5). Let h(j) = -6*j - 2*j**2 + 8*j**2 + 0*j**3 - j**3 - 1. Give h(s).
-6
Let d = 25 - 33. Let k(z) = -2*z**2 + 3*z + 2. Let v be k(-2). Let w = d - v. Let t(u) = -u - 4. Calculate t(w).
-8
Suppose 3*q + 5*t - 3*t = 5, 5*t = -3*q + 8. Let v(w) be the first derivative of -14*w**3/3 - w**2/2 + 9. Calculate v(q).
-15
Let x(a) = 18*a - 3. Let g(z) = -35*z + 5. Let u(o) = -3*g(o) - 5*x(o). What is u(1)?
15
Let p = 1863 - 1870. Let